{"id":66,"date":"2020-06-15T06:55:42","date_gmt":"2020-06-15T04:55:42","guid":{"rendered":"http:\/\/www.bienengeri.at\/?page_id=66"},"modified":"2023-09-27T06:11:23","modified_gmt":"2023-09-27T04:11:23","slug":"bienenstaende","status":"publish","type":"page","link":"https:\/\/www.bienengeri.at\/?page_id=66","title":{"rendered":"Bienenst\u00e4nde"},"content":{"rendered":"\n<p>Stand 1: Homebase Ungerdorf 13\nDer erste Stand, meine Imkerwiege.<br>\nDieser Stand befindet sich direkt an unserem Bauernhof und ist auch gleichzeitig mein Herzst\u00fcck!\n<\/p>\n\n\n\n<figure class=\"wp-block-image\"><img src=\"https:\/\/www.bienengeri.at\/wp-content\/uploads\/2020\/06\/IMG_20190401_1750431-300x225.jpg\" alt=\"\"\/><\/figure>\n\n\n\n<figure class=\"wp-block-image\"><img src=\"https:\/\/www.bienengeri.at\/wp-content\/uploads\/2020\/06\/IMG_20190705_142650-300x225.jpg\" alt=\"\"\/><\/figure>\n\n\n\n<p><strong>Stand 2: Grasdorfberg<\/strong><\/p>\n\n\n\n<p>Dieser Stand befindet sich in einem kleinen aber feinen Seitental des Sa\u00dfbachtals und verspricht gute Ernte da der Sp\u00e4tfrost im Fr\u00fchjahr dort nicht so stark ist!<\/p>\n\n\n\n<figure class=\"wp-block-image\"><img src=\"https:\/\/www.bienengeri.at\/wp-content\/uploads\/2020\/06\/IMG_20200307_111338-300x225.jpg\" alt=\"\"\/><\/figure>\n\n\n\n<figure class=\"wp-block-image\"><img src=\"https:\/\/www.bienengeri.at\/wp-content\/uploads\/2020\/06\/IMG_20200314_075642-300x225.jpg\" alt=\"\"\/><\/figure>\n\n\n\n<figure class=\"wp-block-image\"><img src=\"https:\/\/www.bienengeri.at\/wp-content\/uploads\/2020\/06\/IMG_20200314_075731-300x225.jpg\" alt=\"\"\/><\/figure>\n\n\n\n<figure class=\"wp-block-image\"><img src=\"https:\/\/www.bienengeri.at\/wp-content\/uploads\/2020\/06\/IMG_20200513_163906-225x300.jpg\" alt=\"\"\/><\/figure>\n\n\n\n<p><strong>Stand 3: Schul- Stand Jagerberg<\/strong><\/p>\n\n\n\n<p>Dieser Stand befindet sich auf einer herrlichen Wiese in Jagerberg und beheimatet den Bienenstock der Volksschule Jagerberg. Dieser Stock ist ein Kooperationsprojekt zwischen der Volksschule und mir um den Kindern die fantastische Welt der Biene n\u00e4her zu bringen!<\/p>\n\n\n\n<figure class=\"wp-block-image size-large\"><img loading=\"lazy\" width=\"1024\" height=\"768\" src=\"https:\/\/www.bienengeri.at\/wp-content\/uploads\/2020\/09\/IMG_20200416_1015461-1024x768.jpg\" alt=\"\" class=\"wp-image-283\" srcset=\"https:\/\/www.bienengeri.at\/wp-content\/uploads\/2020\/09\/IMG_20200416_1015461-1024x768.jpg 1024w, https:\/\/www.bienengeri.at\/wp-content\/uploads\/2020\/09\/IMG_20200416_1015461-300x225.jpg 300w, https:\/\/www.bienengeri.at\/wp-content\/uploads\/2020\/09\/IMG_20200416_1015461-768x576.jpg 768w, https:\/\/www.bienengeri.at\/wp-content\/uploads\/2020\/09\/IMG_20200416_1015461-1536x1152.jpg 1536w, https:\/\/www.bienengeri.at\/wp-content\/uploads\/2020\/09\/IMG_20200416_1015461-2048x1536.jpg 2048w\" sizes=\"(max-width: 1024px) 100vw, 1024px\" \/><\/figure>\n\n\n\n<figure class=\"wp-block-image size-large\"><img loading=\"lazy\" width=\"1024\" height=\"768\" src=\"https:\/\/www.bienengeri.at\/wp-content\/uploads\/2020\/09\/IMG_20200417_0542281-1024x768.jpg\" alt=\"\" class=\"wp-image-284\" srcset=\"https:\/\/www.bienengeri.at\/wp-content\/uploads\/2020\/09\/IMG_20200417_0542281-1024x768.jpg 1024w, https:\/\/www.bienengeri.at\/wp-content\/uploads\/2020\/09\/IMG_20200417_0542281-300x225.jpg 300w, https:\/\/www.bienengeri.at\/wp-content\/uploads\/2020\/09\/IMG_20200417_0542281-768x576.jpg 768w, https:\/\/www.bienengeri.at\/wp-content\/uploads\/2020\/09\/IMG_20200417_0542281-1536x1152.jpg 1536w, https:\/\/www.bienengeri.at\/wp-content\/uploads\/2020\/09\/IMG_20200417_0542281-2048x1536.jpg 2048w\" sizes=\"(max-width: 1024px) 100vw, 1024px\" \/><\/figure>\n\n\n\n<figure class=\"wp-block-image size-large\"><img loading=\"lazy\" width=\"1024\" height=\"768\" src=\"https:\/\/www.bienengeri.at\/wp-content\/uploads\/2020\/09\/IMG_20200417_0545441-1024x768.jpg\" alt=\"\" class=\"wp-image-286\" srcset=\"https:\/\/www.bienengeri.at\/wp-content\/uploads\/2020\/09\/IMG_20200417_0545441-1024x768.jpg 1024w, https:\/\/www.bienengeri.at\/wp-content\/uploads\/2020\/09\/IMG_20200417_0545441-300x225.jpg 300w, https:\/\/www.bienengeri.at\/wp-content\/uploads\/2020\/09\/IMG_20200417_0545441-768x576.jpg 768w, https:\/\/www.bienengeri.at\/wp-content\/uploads\/2020\/09\/IMG_20200417_0545441-1536x1152.jpg 1536w, https:\/\/www.bienengeri.at\/wp-content\/uploads\/2020\/09\/IMG_20200417_0545441-2048x1536.jpg 2048w\" sizes=\"(max-width: 1024px) 100vw, 1024px\" \/><\/figure>\n\n\n\n<p><strong>Stand 4: Familienstand der Fam. H\u00f6dl Lugitsch<\/strong><\/p>\n\n\n\n<p>Um im S\u00fcden von Jagerberg auch Honig zu ernten hat sich die Familie H\u00f6dl bereit erkl\u00e4rt einen Bienenstock auf ihrem Grundst\u00fcck aufzustellen.<\/p>\n\n\n\n<figure class=\"wp-block-image size-large\"><img loading=\"lazy\" width=\"1024\" height=\"768\" src=\"https:\/\/www.bienengeri.at\/wp-content\/uploads\/2020\/09\/IMG_20200603_1915221-1024x768.jpg\" alt=\"\" class=\"wp-image-288\" srcset=\"https:\/\/www.bienengeri.at\/wp-content\/uploads\/2020\/09\/IMG_20200603_1915221-1024x768.jpg 1024w, https:\/\/www.bienengeri.at\/wp-content\/uploads\/2020\/09\/IMG_20200603_1915221-300x225.jpg 300w, https:\/\/www.bienengeri.at\/wp-content\/uploads\/2020\/09\/IMG_20200603_1915221-768x576.jpg 768w, https:\/\/www.bienengeri.at\/wp-content\/uploads\/2020\/09\/IMG_20200603_1915221-1536x1152.jpg 1536w, https:\/\/www.bienengeri.at\/wp-content\/uploads\/2020\/09\/IMG_20200603_1915221-2048x1536.jpg 2048w\" sizes=\"(max-width: 1024px) 100vw, 1024px\" \/><\/figure>\n\n\n\n<figure class=\"wp-block-image size-large\"><img loading=\"lazy\" width=\"768\" height=\"1024\" src=\"https:\/\/www.bienengeri.at\/wp-content\/uploads\/2020\/09\/IMG_20200603_1915141-768x1024.jpg\" alt=\"\" class=\"wp-image-290\" srcset=\"https:\/\/www.bienengeri.at\/wp-content\/uploads\/2020\/09\/IMG_20200603_1915141-768x1024.jpg 768w, https:\/\/www.bienengeri.at\/wp-content\/uploads\/2020\/09\/IMG_20200603_1915141-225x300.jpg 225w, https:\/\/www.bienengeri.at\/wp-content\/uploads\/2020\/09\/IMG_20200603_1915141-1152x1536.jpg 1152w, https:\/\/www.bienengeri.at\/wp-content\/uploads\/2020\/09\/IMG_20200603_1915141-1536x2048.jpg 1536w, https:\/\/www.bienengeri.at\/wp-content\/uploads\/2020\/09\/IMG_20200603_1915141-scaled.jpg 1920w\" sizes=\"(max-width: 768px) 100vw, 768px\" \/><\/figure>\n\n\n\n<figure class=\"wp-block-image size-large\"><img loading=\"lazy\" width=\"768\" height=\"1024\" src=\"https:\/\/www.bienengeri.at\/wp-content\/uploads\/2020\/09\/IMG_20200603_1915281-768x1024.jpg\" alt=\"\" class=\"wp-image-292\" srcset=\"https:\/\/www.bienengeri.at\/wp-content\/uploads\/2020\/09\/IMG_20200603_1915281-768x1024.jpg 768w, https:\/\/www.bienengeri.at\/wp-content\/uploads\/2020\/09\/IMG_20200603_1915281-225x300.jpg 225w, https:\/\/www.bienengeri.at\/wp-content\/uploads\/2020\/09\/IMG_20200603_1915281-1152x1536.jpg 1152w, https:\/\/www.bienengeri.at\/wp-content\/uploads\/2020\/09\/IMG_20200603_1915281-1536x2048.jpg 1536w, https:\/\/www.bienengeri.at\/wp-content\/uploads\/2020\/09\/IMG_20200603_1915281-scaled.jpg 1920w\" sizes=\"(max-width: 768px) 100vw, 768px\" \/><\/figure>\n\n\n\n<p>Stand 5: Scheucher-Bienen-Stand, Bienenv\u00f6lker der Firma Scheucher Holzindustrie GmbH.<\/p>\n\n\n\n<p>Erster Standort au\u00dferhalb von Jagerberg. Die Firma Scheucher Holzindustrie GmbH, allen voran die Eigent\u00fcmer Familie Scheucher hat sich entschlossen auf ihren Wiesen-Grundst\u00fccken rund um das Werksgel\u00e4nde in Zehensdorf bei Mettersdorf Bienenv\u00f6lker aufzustellen und ich darf sie betreuen. Der wirklich sch\u00f6ne Stand wurde von Mitarbeitern der Firma Scheucher errichtet.<\/p>\n\n\n\n<figure class=\"wp-container-2 wp-block-gallery-1 wp-block-gallery has-nested-images columns-default is-cropped\">\n<figure class=\"wp-block-image size-large\"><img loading=\"lazy\" width=\"768\" height=\"1024\" data-id=\"475\"  src=\"https:\/\/www.bienengeri.at\/wp-content\/uploads\/2021\/07\/IMG_20210703_111433-768x1024.jpg\" alt=\"\" class=\"wp-image-475\" srcset=\"https:\/\/www.bienengeri.at\/wp-content\/uploads\/2021\/07\/IMG_20210703_111433-768x1024.jpg 768w, https:\/\/www.bienengeri.at\/wp-content\/uploads\/2021\/07\/IMG_20210703_111433-225x300.jpg 225w, https:\/\/www.bienengeri.at\/wp-content\/uploads\/2021\/07\/IMG_20210703_111433-1152x1536.jpg 1152w, https:\/\/www.bienengeri.at\/wp-content\/uploads\/2021\/07\/IMG_20210703_111433-1536x2048.jpg 1536w, https:\/\/www.bienengeri.at\/wp-content\/uploads\/2021\/07\/IMG_20210703_111433-scaled.jpg 1920w\" sizes=\"(max-width: 768px) 100vw, 768px\" \/><\/figure>\n\n\n\n<figure class=\"wp-block-image size-large\"><img loading=\"lazy\" width=\"1024\" height=\"768\" data-id=\"476\"  src=\"https:\/\/www.bienengeri.at\/wp-content\/uploads\/2021\/07\/IMG_20210630_164410-1024x768.jpg\" alt=\"\" class=\"wp-image-476\" srcset=\"https:\/\/www.bienengeri.at\/wp-content\/uploads\/2021\/07\/IMG_20210630_164410-1024x768.jpg 1024w, https:\/\/www.bienengeri.at\/wp-content\/uploads\/2021\/07\/IMG_20210630_164410-300x225.jpg 300w, https:\/\/www.bienengeri.at\/wp-content\/uploads\/2021\/07\/IMG_20210630_164410-768x576.jpg 768w, https:\/\/www.bienengeri.at\/wp-content\/uploads\/2021\/07\/IMG_20210630_164410-1536x1152.jpg 1536w, https:\/\/www.bienengeri.at\/wp-content\/uploads\/2021\/07\/IMG_20210630_164410-2048x1536.jpg 2048w\" sizes=\"(max-width: 1024px) 100vw, 1024px\" \/><\/figure>\n\n\n\n<figure class=\"wp-block-image size-large\"><img loading=\"lazy\" width=\"768\" height=\"1024\" data-id=\"478\"  src=\"https:\/\/www.bienengeri.at\/wp-content\/uploads\/2021\/07\/IMG_20210624_170253-768x1024.jpg\" alt=\"\" class=\"wp-image-478\" srcset=\"https:\/\/www.bienengeri.at\/wp-content\/uploads\/2021\/07\/IMG_20210624_170253-768x1024.jpg 768w, https:\/\/www.bienengeri.at\/wp-content\/uploads\/2021\/07\/IMG_20210624_170253-225x300.jpg 225w, https:\/\/www.bienengeri.at\/wp-content\/uploads\/2021\/07\/IMG_20210624_170253-1152x1536.jpg 1152w, https:\/\/www.bienengeri.at\/wp-content\/uploads\/2021\/07\/IMG_20210624_170253-1536x2048.jpg 1536w, https:\/\/www.bienengeri.at\/wp-content\/uploads\/2021\/07\/IMG_20210624_170253-scaled.jpg 1920w\" sizes=\"(max-width: 768px) 100vw, 768px\" \/><\/figure>\n\n\n\n<figure class=\"wp-block-image size-large\"><img loading=\"lazy\" width=\"1024\" height=\"768\" data-id=\"479\"  src=\"https:\/\/www.bienengeri.at\/wp-content\/uploads\/2021\/07\/IMG_20210624_170247-1024x768.jpg\" alt=\"\" class=\"wp-image-479\" srcset=\"https:\/\/www.bienengeri.at\/wp-content\/uploads\/2021\/07\/IMG_20210624_170247-1024x768.jpg 1024w, https:\/\/www.bienengeri.at\/wp-content\/uploads\/2021\/07\/IMG_20210624_170247-300x225.jpg 300w, https:\/\/www.bienengeri.at\/wp-content\/uploads\/2021\/07\/IMG_20210624_170247-768x576.jpg 768w, https:\/\/www.bienengeri.at\/wp-content\/uploads\/2021\/07\/IMG_20210624_170247-1536x1152.jpg 1536w, https:\/\/www.bienengeri.at\/wp-content\/uploads\/2021\/07\/IMG_20210624_170247-2048x1536.jpg 2048w\" sizes=\"(max-width: 1024px) 100vw, 1024px\" \/><\/figure>\n\n\n\n<figure class=\"wp-block-image size-large\"><img loading=\"lazy\" width=\"768\" height=\"1024\" data-id=\"480\"  src=\"https:\/\/www.bienengeri.at\/wp-content\/uploads\/2021\/07\/IMG_20210611_140346-768x1024.jpg\" alt=\"\" class=\"wp-image-480\" srcset=\"https:\/\/www.bienengeri.at\/wp-content\/uploads\/2021\/07\/IMG_20210611_140346-768x1024.jpg 768w, https:\/\/www.bienengeri.at\/wp-content\/uploads\/2021\/07\/IMG_20210611_140346-225x300.jpg 225w, https:\/\/www.bienengeri.at\/wp-content\/uploads\/2021\/07\/IMG_20210611_140346-1152x1536.jpg 1152w, https:\/\/www.bienengeri.at\/wp-content\/uploads\/2021\/07\/IMG_20210611_140346-1536x2048.jpg 1536w, https:\/\/www.bienengeri.at\/wp-content\/uploads\/2021\/07\/IMG_20210611_140346-scaled.jpg 1920w\" sizes=\"(max-width: 768px) 100vw, 768px\" \/><\/figure>\n\n\n\n<figure class=\"wp-block-image size-large\"><img loading=\"lazy\" width=\"1024\" height=\"768\" data-id=\"481\"  src=\"https:\/\/www.bienengeri.at\/wp-content\/uploads\/2021\/07\/IMG_20210611_140333-1024x768.jpg\" alt=\"\" class=\"wp-image-481\" srcset=\"https:\/\/www.bienengeri.at\/wp-content\/uploads\/2021\/07\/IMG_20210611_140333-1024x768.jpg 1024w, https:\/\/www.bienengeri.at\/wp-content\/uploads\/2021\/07\/IMG_20210611_140333-300x225.jpg 300w, https:\/\/www.bienengeri.at\/wp-content\/uploads\/2021\/07\/IMG_20210611_140333-768x576.jpg 768w, https:\/\/www.bienengeri.at\/wp-content\/uploads\/2021\/07\/IMG_20210611_140333-1536x1152.jpg 1536w, https:\/\/www.bienengeri.at\/wp-content\/uploads\/2021\/07\/IMG_20210611_140333-2048x1536.jpg 2048w\" sizes=\"(max-width: 1024px) 100vw, 1024px\" \/><\/figure>\n\n\n\n<figure class=\"wp-block-image size-large\"><img loading=\"lazy\" width=\"1024\" height=\"768\" data-id=\"482\"  src=\"https:\/\/www.bienengeri.at\/wp-content\/uploads\/2021\/07\/IMG_20210611_140312-1024x768.jpg\" alt=\"\" class=\"wp-image-482\" srcset=\"https:\/\/www.bienengeri.at\/wp-content\/uploads\/2021\/07\/IMG_20210611_140312-1024x768.jpg 1024w, https:\/\/www.bienengeri.at\/wp-content\/uploads\/2021\/07\/IMG_20210611_140312-300x225.jpg 300w, https:\/\/www.bienengeri.at\/wp-content\/uploads\/2021\/07\/IMG_20210611_140312-768x576.jpg 768w, https:\/\/www.bienengeri.at\/wp-content\/uploads\/2021\/07\/IMG_20210611_140312-1536x1152.jpg 1536w, https:\/\/www.bienengeri.at\/wp-content\/uploads\/2021\/07\/IMG_20210611_140312-2048x1536.jpg 2048w\" sizes=\"(max-width: 1024px) 100vw, 1024px\" \/><\/figure>\n<\/figure>\n\n\n\n<p><\/p>\n\n\n\n<p>Stand 6: Weingut Totter Jagerberg am Schleglberg.<\/p>\n\n\n\n<p>Dieser Stand befindet sich direkt am Weinberg mit Blick nach S\u00fcden ins sch\u00f6ne Ottersbach Tal.<\/p>\n\n\n\n<figure class=\"wp-container-4 wp-block-gallery-3 wp-block-gallery has-nested-images columns-default is-cropped\">\n<figure class=\"wp-block-image size-large\"><img loading=\"lazy\" width=\"462\" height=\"1024\" data-id=\"684\"  src=\"https:\/\/www.bienengeri.at\/wp-content\/uploads\/2023\/09\/IMG_20230824_171213-462x1024.jpg\" alt=\"\" class=\"wp-image-684\" srcset=\"https:\/\/www.bienengeri.at\/wp-content\/uploads\/2023\/09\/IMG_20230824_171213-462x1024.jpg 462w, https:\/\/www.bienengeri.at\/wp-content\/uploads\/2023\/09\/IMG_20230824_171213-135x300.jpg 135w, https:\/\/www.bienengeri.at\/wp-content\/uploads\/2023\/09\/IMG_20230824_171213-768x1701.jpg 768w, https:\/\/www.bienengeri.at\/wp-content\/uploads\/2023\/09\/IMG_20230824_171213-693x1536.jpg 693w, https:\/\/www.bienengeri.at\/wp-content\/uploads\/2023\/09\/IMG_20230824_171213-924x2048.jpg 924w, https:\/\/www.bienengeri.at\/wp-content\/uploads\/2023\/09\/IMG_20230824_171213-scaled.jpg 1156w\" sizes=\"(max-width: 462px) 100vw, 462px\" \/><\/figure>\n\n\n\n<figure class=\"wp-block-image size-large\"><img loading=\"lazy\" width=\"462\" height=\"1024\" data-id=\"683\"  src=\"https:\/\/www.bienengeri.at\/wp-content\/uploads\/2023\/09\/IMG_20230818_160934-462x1024.jpg\" alt=\"\" class=\"wp-image-683\" srcset=\"https:\/\/www.bienengeri.at\/wp-content\/uploads\/2023\/09\/IMG_20230818_160934-462x1024.jpg 462w, https:\/\/www.bienengeri.at\/wp-content\/uploads\/2023\/09\/IMG_20230818_160934-135x300.jpg 135w, https:\/\/www.bienengeri.at\/wp-content\/uploads\/2023\/09\/IMG_20230818_160934-768x1703.jpg 768w, https:\/\/www.bienengeri.at\/wp-content\/uploads\/2023\/09\/IMG_20230818_160934-693x1536.jpg 693w, https:\/\/www.bienengeri.at\/wp-content\/uploads\/2023\/09\/IMG_20230818_160934-924x2048.jpg 924w, https:\/\/www.bienengeri.at\/wp-content\/uploads\/2023\/09\/IMG_20230818_160934-scaled.jpg 1155w\" sizes=\"(max-width: 462px) 100vw, 462px\" \/><\/figure>\n\n\n\n<figure class=\"wp-block-image size-large\"><img loading=\"lazy\" width=\"1024\" height=\"462\" data-id=\"685\"  src=\"https:\/\/www.bienengeri.at\/wp-content\/uploads\/2023\/09\/IMG_20230818_160913-1024x462.jpg\" alt=\"\" class=\"wp-image-685\" srcset=\"https:\/\/www.bienengeri.at\/wp-content\/uploads\/2023\/09\/IMG_20230818_160913-1024x462.jpg 1024w, https:\/\/www.bienengeri.at\/wp-content\/uploads\/2023\/09\/IMG_20230818_160913-300x135.jpg 300w, https:\/\/www.bienengeri.at\/wp-content\/uploads\/2023\/09\/IMG_20230818_160913-768x347.jpg 768w, https:\/\/www.bienengeri.at\/wp-content\/uploads\/2023\/09\/IMG_20230818_160913-1536x693.jpg 1536w, https:\/\/www.bienengeri.at\/wp-content\/uploads\/2023\/09\/IMG_20230818_160913-2048x924.jpg 2048w\" sizes=\"(max-width: 1024px) 100vw, 1024px\" \/><\/figure>\n\n\n\n<figure class=\"wp-block-image size-large\"><img loading=\"lazy\" width=\"462\" height=\"1024\" data-id=\"686\"  src=\"https:\/\/www.bienengeri.at\/wp-content\/uploads\/2023\/09\/IMG_20230818_160859-462x1024.jpg\" alt=\"\" class=\"wp-image-686\" srcset=\"https:\/\/www.bienengeri.at\/wp-content\/uploads\/2023\/09\/IMG_20230818_160859-462x1024.jpg 462w, https:\/\/www.bienengeri.at\/wp-content\/uploads\/2023\/09\/IMG_20230818_160859-135x300.jpg 135w, https:\/\/www.bienengeri.at\/wp-content\/uploads\/2023\/09\/IMG_20230818_160859-768x1701.jpg 768w, https:\/\/www.bienengeri.at\/wp-content\/uploads\/2023\/09\/IMG_20230818_160859-693x1536.jpg 693w, https:\/\/www.bienengeri.at\/wp-content\/uploads\/2023\/09\/IMG_20230818_160859-924x2048.jpg 924w, https:\/\/www.bienengeri.at\/wp-content\/uploads\/2023\/09\/IMG_20230818_160859-scaled.jpg 1156w\" sizes=\"(max-width: 462px) 100vw, 462px\" \/><\/figure>\n<\/figure>\n","protected":false},"excerpt":{"rendered":"<div class=\"entry-summary\">\n<div class=\"entry-summary\">\nStand 1: Homebase Ungerdorf 13 Der erste Stand, meine Imkerwiege. Dieser Stand&hellip;\n<\/div>\n<div class=\"link-more\"><a href=\"https:\/\/www.bienengeri.at\/?page_id=66\" class=\"more-link\">Continue reading<span class=\"screen-reader-text\"> &ldquo;Bienenst\u00e4nde&rdquo;<\/span>&hellip;<\/a><\/div>\n<\/div>\n<div class=\"link-more\"><a href=\"https:\/\/www.bienengeri.at\/?page_id=66\" class=\"more-link\">Continue reading<span class=\"screen-reader-text\"> &ldquo;Bienenst\u00e4nde&rdquo;<\/span>&hellip;<\/a><\/div>\n","protected":false},"author":1,"featured_media":0,"parent":0,"menu_order":0,"comment_status":"closed","ping_status":"closed","template":"","meta":[],"acf":[],"jetpack_sharing_enabled":true,"_links":{"self":[{"href":"https:\/\/www.bienengeri.at\/index.php?rest_route=\/wp\/v2\/pages\/66"}],"collection":[{"href":"https:\/\/www.bienengeri.at\/index.php?rest_route=\/wp\/v2\/pages"}],"about":[{"href":"https:\/\/www.bienengeri.at\/index.php?rest_route=\/wp\/v2\/types\/page"}],"author":[{"embeddable":true,"href":"https:\/\/www.bienengeri.at\/index.php?rest_route=\/wp\/v2\/users\/1"}],"replies":[{"embeddable":true,"href":"https:\/\/www.bienengeri.at\/index.php?rest_route=%2Fwp%2Fv2%2Fcomments&post=66"}],"version-history":[{"count":20,"href":"https:\/\/www.bienengeri.at\/index.php?rest_route=\/wp\/v2\/pages\/66\/revisions"}],"predecessor-version":[{"id":689,"href":"https:\/\/www.bienengeri.at\/index.php?rest_route=\/wp\/v2\/pages\/66\/revisions\/689"}],"wp:attachment":[{"href":"https:\/\/www.bienengeri.at\/index.php?rest_route=%2Fwp%2Fv2%2Fmedia&parent=66"}],"curies":[{"name":"wp","href":"https:\/\/api.w.org\/{rel}","templated":true}]}}